{"id":22,"date":"2021-01-12T19:55:54","date_gmt":"2021-01-12T18:55:54","guid":{"rendered":"http:\/\/atelier-poterie.com\/?page_id=22"},"modified":"2025-12-12T21:17:35","modified_gmt":"2025-12-12T20:17:35","slug":"prestations","status":"publish","type":"page","link":"https:\/\/atelier-poterie.com\/index.php\/prestations\/","title":{"rendered":"Prestations"},"content":{"rendered":"\n<p>Notre association accueille \u00e9galement les structures qui souhaitent d\u00e9velopper un projet personnel au sein de l&rsquo;atelier. Visite de l&rsquo;Atelier de Poterie, d\u00e9couverte du tournage, formation \u00e0 la poterie, session de modelage sur un th\u00e8me sp\u00e9cifique etc.<\/p>\n\n\n\n<!--more-->\n\n\n\n<p>Que vous soyez une entreprise, une association, un centre de loisir, un \u00e9tablissement scolaire, un centre social, nous sommes \u00e0 votre \u00e9coute pour construire votre demande.<\/p>\n\n\n\n<p>Nous contacter pour plus de renseignements sur ces stages ou pour la cr\u00e9ation d&rsquo;un module sur mesure.<\/p>\n\n\n\n<p>Pour toute demande, <a href=\"https:\/\/atelier-poterie.com\/index.php\/contact\/\" target=\"_blank\" rel=\"noreferrer noopener\">contactez-nous<\/a> directement.<\/p>\n","protected":false},"excerpt":{"rendered":"<p>Notre association accueille \u00e9galement les structures qui souhaitent d\u00e9velopper un projet personnel au sein de l&rsquo;atelier. Visite de l&rsquo;Atelier de Poterie, d\u00e9couverte du tournage, formation \u00e0 la poterie, session de modelage sur un th\u00e8me sp\u00e9cifique etc.<\/p>\n","protected":false},"author":1,"featured_media":25,"parent":0,"menu_order":0,"comment_status":"closed","ping_status":"closed","template":"","meta":{"footnotes":""},"class_list":["post-22","page","type-page","status-publish","has-post-thumbnail","hentry"],"jetpack_sharing_enabled":true,"_links":{"self":[{"href":"https:\/\/atelier-poterie.com\/index.php\/wp-json\/wp\/v2\/pages\/22","targetHints":{"allow":["GET"]}}],"collection":[{"href":"https:\/\/atelier-poterie.com\/index.php\/wp-json\/wp\/v2\/pages"}],"about":[{"href":"https:\/\/atelier-poterie.com\/index.php\/wp-json\/wp\/v2\/types\/page"}],"author":[{"embeddable":true,"href":"https:\/\/atelier-poterie.com\/index.php\/wp-json\/wp\/v2\/users\/1"}],"replies":[{"embeddable":true,"href":"https:\/\/atelier-poterie.com\/index.php\/wp-json\/wp\/v2\/comments?post=22"}],"version-history":[{"count":5,"href":"https:\/\/atelier-poterie.com\/index.php\/wp-json\/wp\/v2\/pages\/22\/revisions"}],"predecessor-version":[{"id":235,"href":"https:\/\/atelier-poterie.com\/index.php\/wp-json\/wp\/v2\/pages\/22\/revisions\/235"}],"wp:featuredmedia":[{"embeddable":true,"href":"https:\/\/atelier-poterie.com\/index.php\/wp-json\/wp\/v2\/media\/25"}],"wp:attachment":[{"href":"https:\/\/atelier-poterie.com\/index.php\/wp-json\/wp\/v2\/media?parent=22"}],"curies":[{"name":"wp","href":"https:\/\/api.w.org\/{rel}","templated":true}]}}